2541643433.
7, 19, 29, 658969
List the prime factors of 11107072.
2, 43, 1009
List the prime factors of 13827930.
2, 3, 5, 89, 5179
List the prime factors of 126967599.
3, 11, 31, 3761
List the prime factors of 114367136.
2, 13, 89, 3089
What are the prime factors of 301744804?
2, 113, 667577
List the prime factors of 88503032.
2, 1913, 5783
List the prime factors of 547763822.
2, 73, 3751807
What are the prime factors of 23557538?
2, 73, 317, 509
What are the prime factors of 60939312?
2, 3, 7, 293, 619
What are the prime factors of 398564139?
3, 29, 263, 17419
List the prime factors of 214862560.
2, 5, 11, 122081
What are the prime factors of 5688735?
3, 5, 13, 29173
List the prime factors of 83891568.
2, 3, 997, 1753
List the prime factors of 161385931.
7, 61, 151, 2503
What are the prime factors of 684938333?
41, 1129, 14797
What are the prime factors of 638754388?
2, 19, 83, 109, 929
List the prime factors of 6343858154.
2, 2659, 1192903
List the prime factors of 2284889635.
5, 7, 65282561
What are the prime factors of 103766829?
3, 293, 118051
List the prime factors of 147612037.
17, 8683061
List the prime factors of 50476284.
2, 3, 83, 1877
List the prime factors of 205702736.
2, 61, 210761
List the prime factors of 2302319905.
5, 460463981
What are the prime factors of 15141951?
3, 11, 17, 2999
List the prime factors of 50919191.
353, 144247
List the prime factors of 967931637.
3, 29, 11125651
List the prime factors of 595740391.
18919, 31489
What are the prime factors of 829130261?
71, 11677891
What are the prime factors of 194969894?
2, 7, 13926421
What are the prime factors of 165045649?
617, 267497
List the prime factors of 360937504.
2, 233, 48409
What are the prime factors of 66727290?
2, 3, 5, 7, 61, 5209
List the prime factors of 1149236216.
2, 23, 31, 113, 1783
List the prime factors of 45244356.
2, 3, 1069, 3527
What are the prime factors of 7152232?
2, 271, 3299
List the prime factors of 844075689.
3, 23, 1553, 7877
What are the prime factors of 247058314?
2, 17, 7266421
What are the prime factors of 156337905?
3, 5, 59, 241, 733
List the prime factors of 4862299271.
4001, 1215271
What are the prime factors of 27300465?
3, 5, 41, 14797
What are the prime factors of 1640368368?
2, 3, 1151, 3299
What are the prime factors of 51621262?
2, 7, 11, 31, 983
What are the prime factors of 4317622352?
2, 37, 7293281
List the prime factors of 44639794.
2, 22319897
What are the prime factors of 64698227?
11, 5881657
What are the prime factors of 165546126?
2, 3, 19, 47, 3433
What are the prime factors of 225737781?
3, 17, 4426231
What are the prime factors of 2944958961?
3, 7, 29, 281, 17209
What are the prime factors of 292727654?
2, 61, 2399407
What are the prime factors of 6186285055?
5, 1237257011
What are the prime factors of 198660184?
2, 24832523
What are the prime factors of 28636422?
2, 3, 691, 6907
List the prime factors of 2657697625.
5, 11, 1932871
List the prime factors of 1504489971.
3, 501496657
List the prime factors of 318670800.
2, 3, 5, 7, 59, 643
What are the prime factors of 18081518?
2, 7, 13, 99349
What are the prime factors of 698009048?
2, 11, 7931921
What are the prime factors of 435549298?
2, 23, 173, 229, 239
List the prime factors of 77782309.
11, 58439
List the prime factors of 124210014.
2, 3, 691, 29959
What are the prime factors of 144872704?
2, 565909
What are the prime factors of 198095938?
2, 19, 769, 6779
What are the prime factors of 610840712?
2, 76355089
What are the prime factors of 5463533?
31, 176243
List the prime factors of 42397743.
3, 73, 193597
What are the prime factors of 1544313573?
3, 11, 787, 6607
What are the prime factors of 2834310?
2, 3, 5, 94477
What are the prime factors of 5336057889?
3, 359, 827, 1997
List the prime factors of 74050501.
7, 23, 131, 3511
List the prime factors of 9234440.
2, 5, 230861
List the prime factors of 114114676.
2, 13, 17, 129089
What are the prime factors of 44771329?
2879, 15551
What are the prime factors of 187292987?
7, 26756141
List the prime factors of 133978317.
3, 11, 4059949
What are the prime factors of 47598240?
2, 3, 5, 53, 1871
List the prime factors of 1245167126.
2, 7, 211, 60217
List the prime factors of 16290223.
619, 26317
What are the prime factors of 61027183?
7, 19, 127, 3613
List the prime factors of 788264728.
2, 131, 241, 3121
List the prime factors of 5382970532.
2, 35897, 37489
List the prime factors of 13881147.
3, 7, 331, 1997
List the prime factors of 962754099.
3, 320918033
What are the prime factors of 4967578417?
4967578417
List the prime factors of 3995422880.
2, 5, 4093, 6101
What are the prime factors of 65568828?
2, 3, 13, 420313
List the prime factors of 64869404.
2, 29, 559219
List the prime factors of 231715973.
3023, 76651
List the prime factors of 720463252.
2, 79, 263, 8669
List the prime factors of 492217439.
7, 17, 19, 293, 743
What are the prime factors of 5242336459?
5242336459
List the prime factors of 144823103.
31, 4671713
What are the prime factors of 69552543?
3, 43, 539167
What are the prime factors of 909720393?
3, 303240131
List the prime factors of 1478479809.
3, 492826603
What are the prime factors of 93376741?
6763, 13807
List the prime factors of 60572272.
2, 107, 35381
List the prime factors of 8278133166.
2, 3, 179, 2569253
List the prime factors of 1852965936.
2, 3, 67, 64019
List the prime factors of 180768422.
2, 90384211
What are the prime factors of 936814033?
67, 2393, 5843
List the prime factors of 1584552079.
11, 317, 454417
What are the prime factors of 7530692?
2, 13, 97, 1493
List the prime factors of 43969205.
5, 7, 47, 26729
What are the prime factors of 546060225?
3, 5, 43, 169321
What are the prime factors of 642630800?
2, 5, 7, 37, 6203
What are the prime factors of 263974948?
2, 2237, 29501
List the prime factors of 65305812.
2, 3, 11, 13, 19, 2003
List the prime factors of 3686908829.
22669, 162641
What are the prime factors of 840892391?
31, 43, 630827
List the prime factors of 793080045.
3, 5, 19, 309193
List the prime factors of 25068896.
2, 23, 34061
What are the prime factors of 1051575002?
2, 37, 14210473
What are the prime factors of 1850031908?
2, 462507977
List the prime factors of 3168708693.
3, 17, 29, 59, 36313
List the prime factors of 1344632952.
2, 3, 13, 17, 19501
List the prime factors of 4823212871.
19, 1873, 135533
What are the prime factors of 9753478?
2, 7, 17, 107, 383
List the prime factors of 731766421.
731766421
What are the prime factors of 341185448?
2, 42648181
List the prime factors of 230473116.
2, 3, 19, 59, 5711
What are the prime factors of 1080118668?
2, 3, 97, 199, 4663
What are the prime factors of 23570980?
2, 5, 1178549
What are the prime factors of 990796518?
2, 3, 31, 769, 2309
What are the prime factors of 377860659?
3, 11, 137, 83579
List the prime factors of 308983087.
7, 137, 322193
What are the prime factors of 127034799?
3, 53, 798961
What are the prime factors of 76525181?
283, 270407
List the prime factors of 83707325.
5, 13, 257561
What are the prime factors of 139085139?
3, 3167, 14639
What are the prime factors of 389137204?
2, 173, 562337
What are the prime factors of 211359256?
2, 727, 36341
List the prime factors of 354917982.
2, 3, 59152997
What are the prime factors of 82185854?
2, 17, 23, 105097
List the prime factors of 249984105.
3, 5, 7, 2380801
What are the prime factors of 15335329?
73, 83, 2531
List the prime factors of 518657715.
3, 5, 3841909
What are the prime factors of 47918727?
3, 43, 123821
What are the prime factors of 33703057?
33703057
What are the prime factors of 712713399?
3, 10067, 23599
What are the prime factors of 180230095?
5, 313, 115163
List the prime factors of 100405177.
19, 823, 6421
List the prime factors of 1891822349.
431, 4389379
What are the prime factors of 250707804?
2, 3, 61, 342497
What are the prime factors of 226917479?
17, 401, 33287
What are the prime factors of 454866776?
2, 7, 13, 53, 11789
What are the prime factors of 324364190?
2, 5, 467, 69457
What are the prime factors of 67968392?
2, 47, 163, 1109
List the prime factors of 604446230.
2, 5, 103, 586841
What are the prime factors of 30558797?
1933, 15809
List the prime factors of 82175106.
2, 3, 13, 151, 6977
What are